e the remainder when 17051 is divided by 84.
83
What is the remainder when 26775 is divided by 6688?
23
Calculate the remainder when 46263 is divided by 22.
19
What is the remainder when 65231 is divided by 249?
242
Calculate the remainder when 190 is divided by 102.
88
Calculate the remainder when 14197 is divided by 31.
30
What is the remainder when 12081 is divided by 1206?
21
Calculate the remainder when 5432 is divided by 547.
509
What is the remainder when 2142744 is divided by 549?
546
What is the remainder when 50357 is divided by 1936?
21
Calculate the remainder when 533949 is divided by 32.
29
What is the remainder when 78172 is divided by 759?
754
What is the remainder when 16778 is divided by 409?
9
What is the remainder when 1307 is divided by 988?
319
Calculate the remainder when 46141 is divided by 112.
109
Calculate the remainder when 1683 is divided by 141.
132
Calculate the remainder when 157780 is divided by 15.
10
What is the remainder when 31646 is divided by 129?
41
What is the remainder when 243464 is divided by 19?
17
Calculate the remainder when 1419 is divided by 204.
195
Calculate the remainder when 486638 is divided by 22.
20
What is the remainder when 13123 is divided by 651?
103
Calculate the remainder when 1734841 is divided by 211.
210
Calculate the remainder when 4439 is divided by 1045.
259
What is the remainder when 25319 is divided by 56?
7
What is the remainder when 1528991 is divided by 278?
269
What is the remainder when 3591 is divided by 16?
7
What is the remainder when 110774 is divided by 88?
70
What is the remainder when 33131 is divided by 152?
147
Calculate the remainder when 22782 is divided by 692.
638
What is the remainder when 397510 is divided by 18?
16
Calculate the remainder when 11132 is divided by 30.
2
Calculate the remainder when 1136 is divided by 1136.
0
What is the remainder when 9320 is divided by 4438?
444
What is the remainder when 134 is divided by 20?
14
Calculate the remainder when 828 is divided by 9.
0
What is the remainder when 22819 is divided by 317?
312
What is the remainder when 280120 is divided by 751?
748
What is the remainder when 4924 is divided by 1472?
508
Calculate the remainder when 117575 is divided by 36.
35
Calculate the remainder when 80396 is divided by 20099.
0
Calculate the remainder when 4503 is divided by 745.
33
What is the remainder when 2647 is divided by 190?
177
What is the remainder when 1996 is divided by 555?
331
Calculate the remainder when 20914 is divided by 6971.
1
What is the remainder when 399214 is divided by 576?
46
What is the remainder when 481 is divided by 149?
34
Calculate the remainder when 9615 is divided by 687.
684
What is the remainder when 99681 is divided by 143?
10
What is the remainder when 2390 is divided by 2371?
19
What is the remainder when 124941 is divided by 1983?
12
Calculate the remainder when 474 is divided by 393.
81
Calculate the remainder when 8337 is divided by 101.
55
Calculate the remainder when 186395 is divided by 93192.
11
Calculate the remainder when 3404693 is divided by 1688.
1685
Calculate the remainder when 2826 is divided by 163.
55
Calculate the remainder when 2363 is divided by 476.
459
Calculate the remainder when 1033 is divided by 428.
177
What is the remainder when 30179 is divided by 196?
191
Calculate the remainder when 183540 is divided by 183.
174
Calculate the remainder when 957357 is divided by 120.
117
Calculate the remainder when 318410 is divided by 348.
338
What is the remainder when 343475 is divided by 846?
845
What is the remainder when 1287 is divided by 33?
0
Calculate the remainder when 4651 is divided by 734.
247
What is the remainder when 1947659 is divided by 195?
194
What is the remainder when 17709 is divided by 8844?
21
Calculate the remainder when 25791 is divided by 314.
43
Calculate the remainder when 6779 is divided by 323.
319
What is the remainder when 2769 is divided by 751?
516
Calculate the remainder when 666 is divided by 632.
34
Calculate the remainder when 109937 is divided by 5235.
2
What is the remainder when 11462 is divided by 76?
62
What is the remainder when 5301 is divided by 126?
9
Calculate the remainder when 96499 is divided by 10.
9
What is the remainder when 230422 is divided by 115209?
4
Calculate the remainder when 751546 is divided by 57.
1
What is the remainder when 4252 is divided by 122?
104
Calculate the remainder when 381 is divided by 76.
1
What is the remainder when 323551 is divided by 4689?
10
Calculate the remainder when 1073 is divided by 144.
65
What is the remainder when 10251 is divided by 16?
11
What is the remainder when 4687 is divided by 1562?
1
Calculate the remainder when 170083 is divided by 18896.
19
Calculate the remainder when 740 is divided by 342.
56
Calculate the remainder when 32317 is divided by 209.
131
What is the remainder when 2226654 is divided by 223?
222
Calculate the remainder when 3180 is divided by 1316.
548
Calculate the remainder when 6836 is divided by 326.
316
What is the remainder when 4202 is divided by 965?
342
What is the remainder when 24384 is divided by 24381?
3
What is the remainder when 792151 is divided by 1004?
999
Calculate the remainder when 83719 is divided by 544.
487
What is the remainder when 7713 is divided by 50?
13
Calculate the remainder when 12292 is divided by 124.
16
Calculate the remainder when 11276 is divided by 79.
58
What is the remainder when 5813 is divided by 1451?
9
What is the remainder when 198960 is divided by 49735?
20
What is the remainder when 4553 is divided by 2226?
101
What is the remainder when 90706 is divided by 4774?
0
Calculate the remainder when 5858871 is divided by 14.
11
Calculate the remainder when 1194846 is divided by 917.
912
What is the remainder when 147797 is divided by 483?
482
What is the remainder when 8618 is divided by 661?
25
Calculate the remainder when 166 is divided by 162.
4
What is the remainder when 283935 is divided by 158?
9
What is the remainder when 41069 is divided by 775?
769
What is the remainder when 1348649 is divided by 810?
809
What is the remainder when 20013 is divided by 19974?
39
What is the remainder when 1312 is divided by 1275?
37
What is the remainder when 88383 is divided by 471?
306
Calculate the remainder when 18300 is divided by 115.
15
What is the remainder when 723867 is divided by 368?
11
Calculate the remainder when 59340 is divided by 37.
29
What is the remainder when 1362 is divided by 503?
356
What is the remainder when 7140 is divided by 3468?
204
What is the remainder when 76414 is divided by 1959?
13
What is the remainder when 2771635 is divided by 89?
86
What is the remainder when 7159 is divided by 363?
262
Calculate the remainder when 6089 is divided by 35.
34
Calculate the remainder when 657 is divided by 219.
0
What is the remainder when 3190947 is divided by 42?
39
Calculate the remainder when 95731 is divided by 364.
363
What is the remainder when 12011 is divided by 28?
27
Calculate the remainder when 623 is divided by 142.
55
Calculate the remainder when 268576 is divided by 419.
416
Calculate the remainder when 1171 is divided by 2.
1
What is the remainder when 485585 is divided by 9?
8
What is the remainder when 4521 is divided by 1507?
0
What is the remainder when 1045 is divided by 287?
184
Calculate the remainder when 263310 is divided by 153.
150
Calculate the remainder when 3108 is divided by 664.
452
Calculate the remainder when 4687564 is divided by 114.
112
What is the remainder when 240288 is divided by 20?
8
Calculate the remainder when 20599 is divided by 5143.
27
What is the remainder when 20936 is divided by 987?
209
What is the remainder when 128881 is divided by 165?
16
Calculate the remainder when 98061 is divided by 55.
51
What is the remainder when 103131 is divided by 423?
342
Calculate the remainder when 67532 is divided by 267.
248
What is the remainder when 3932 is divided by 1160?
452
What is the remainder when 19093 is divided by 6352?
37
What is the remainder when 5395 is divided by 39?
13
What is the remainder when 1698233 is divided by 385?
383
Calculate the remainder when 797 is divided by 487.
310
What is the remainder when 31211 is divided by 363?
356
Calcul